
-16625301
Convert -2311527 (base 8) to base 13.
-18c837
-10111011101111000110100 (base 2) to base 5
-3033323412
Convert -212001301 (base 4) to base 14.
-40a9b
Convert 277498 (base 10) to base 6.
5540414
-2710ba3 (base 14) to base 2
-1000111111101100110101011
Convert 884000 (base 12) to base 13.
5a9969
Convert -101000000100010 (base 2) to base 6.
-234550
What is 12012120212 (base 3) in base 16?
19058
What is 212663 (base 8) in base 12?
35183
What is 122454344 (base 6) in base 2?
1001000010111100111000
What is 308a523 (base 11) in base 7?
64200553
What is -20122222010 (base 3) in base 8?
-400174
What is -575343 (base 11) in base 8?
-3372567
What is 230223440 (base 5) in base 15?
153465
Convert -22253 (base 14) to base 6.
-1435133
-13010103032 (base 4) to base 11
-10559a2
What is 11513527 (base 9) in base 15?
75ec8d
-46a7a5 (base 14) to base 15
-329469
-1922499 (base 12) to base 13
-11272b9
What is 22002445 (base 6) in base 3?
1020012211102
Convert -137026 (base 9) to base 11.
-58006
What is -12303205 (base 7) in base 14?
-20c93c
92151 (base 13) to base 4
333320232
What is 52143663 (base 8) in base 16?
a8c7b3
What is -230217 (base 8) in base 16?
-1308f
What is -3244820 (base 9) in base 3?
-10021111220200
Convert 4474511 (base 10) to base 8.
21043217
What is -3571964 (base 12) in base 4?
-213132330130
-84a41 (base 12) to base 13
-6143b
What is 12ab23 (base 12) in base 10?
309195
What is -665a3 (base 12) in base 16?
-211cb
Convert 33224114 (base 5) to base 9.
480736
200311232 (base 4) to base 16
20d6e
What is 4705342 (base 10) in base 11?
2724214
Convert -26303651 (base 7) to base 11.
-13a2806
Convert 1003973 (base 10) to base 13.
291c89
48d102 (base 16) to base 4
102031010002
Convert 1201458 (base 9) to base 3.
1020001111222
Convert 125767 (base 8) to base 2.
1010101111110111
Convert 41054601 (base 7) to base 4.
31010103111
What is -124016224 (base 7) in base 4?
-132011203102
What is -10000112101 (base 3) in base 13?
-21091
-112312324 (base 5) to base 9
-857043
6055774 (base 8) to base 9
3002771
111000000100000111 (base 2) to base 16
38107
What is -233233313 (base 4) in base 12?
-9521b
Convert 1142a37 (base 12) to base 4.
30223031023
Convert 5276073 (base 8) to base 4.
11113300323
-11032220331 (base 4) to base 8
-5165075
What is -27155 (base 14) in base 9?
-156102
Convert 1566531 (base 7) to base 9.
362543
What is 13341140 (base 5) in base 14?
37d2d
What is -2100201200001 (base 3) in base 16?
-1323df
Convert 22322142 (base 5) to base 11.
126094
-5c694 (base 14) to base 9
-374400
-60544346 (base 7) to base 16
-4cd9a2
-1021010000 (base 3) to base 4
-12010203
What is 45ab02 (base 13) in base 3?
10002220212002
What is -1629418 (base 12) in base 10?
-4536596
11143243 (base 5) to base 10
99823
-15043125 (base 7) to base 13
-3aa613
What is -1c488e (base 16) in base 12?
-754812
What is 568251 (base 10) in base 13?
16b858
What is -567a69 (base 13) in base 4?
-13303100323
What is 20110210122 (base 3) in base 2?
11111000111000110
What is -3201003101 (base 4) in base 14?
-19dd17
Convert 6120 (base 12) to base 13.
4a46
Convert -20364a (base 11) to base 15.
-66cba
-5a290 (base 16) to base 4
-1122022100
What is -1002101021102 (base 3) in base 9?
-1071242
Convert -285a0 (base 11) to base 2.
-1001111011000101
Convert 100100011010001101011100 (base 2) to base 15.
c8802a
What is 12023223 (base 5) in base 8?
330727
What is -126626 (base 10) in base 9?
-212625
Convert 1110111110010111100 (base 2) to base 4.
1313302330
Convert 3111110301 (base 5) to base 11.
3646034
What is -115585 (base 9) in base 15?
-159e2
Convert -49238a (base 14) to base 5.
-1120100423
Convert -421121 (base 10) to base 14.
-ad681
What is 10000030120 (base 4) in base 5?
232034433
111110100100111 (base 2) to base 7
162260
What is 1213004 (base 5) in base 12?
112a7
-132203101 (base 4) to base 9
-210581
Convert 3053250 (base 6) to base 16.
23efe
-320110234 (base 5) to base 9
-2450067
What is -2142721 (base 9) in base 5?
-243301334
What is 1ae34 (base 15) in base 5?
10300244
Convert 43430115 (base 7) to base 15.
4d7a76
Convert 155428 (base 11) to base 10.
241425
-a37265 (base 11) to base 5
-411222223
3110323014 (base 5) to base 6
343511502
Convert -2714132 (base 8) to base 4.
-2321201122
What is 5a423 (base 13) in base 12?
7b920
Convert -360228 (base 14) to base 8.
-7022254
Convert 68304 (base 10) to base 8.
205320
Convert 1a9621 (base 14) to base 9.
1704225
Convert -650478 (base 11) to base 13.
-2a5542
-12330252 (base 7) to base 9
-2081616
5366516 (base 8) to base 4
11132311032
Convert 105bce (base 16) to base 10.
1072078
Convert 1642ba1 (base 13) to base 5.
3314101240
-78ea1e (base 15) to base 4
-112000232222
Convert 3413259 (base 10) to base 7.
41004123
What is baac (base 15) in base 4?
21221301
618321 (base 9) to base 12
158431
Convert -7324262 (base 8) to base 5.
-444144410
3312022023 (base 4) to base 2
11110110001010001011
Convert -2453166 (base 8) to base 7.
-5521126
What is -869885 (base 15) in base 14?
-bcc562
Convert -3d3b96 (base 15) to base 16.
-2cff7f
What is 403341 (base 7) in base 10?
68433
Convert 5121674 (base 9) to base 5.
1144340113
-10711 (base 11) to base 3
-210021002
Convert -bb3861 (base 12) to base 3.
-12120222100101
127480 (base 13) to base 3
211120211201
305370 (base 14) to base 5
404043003
Convert 17641a (base 13) to base 15.
b856b
-401320 (base 7) to base 4
-100202110
31013033 (base 4) to base 5
3204321
Convert 48a591 (base 11) to base 15.
104aec
Convert -1110100001110011101 (base 2) to base 7.
-4021635
What is -10210110022021 (base 3) in base 12?
-813051
What is -2dca7 (base 16) in base 7?
-1410551
108441 (base 12) to base 16
40471
What is 1110101001110110010110 (base 2) in base 10?
3841430
What is -ebe14c (base 15) in base 8?
-52670530
-31761 (base 13) to base 11
-60a79
Convert 13467966 (base 10) to base 9.
27306516
Convert 140d6 (base 15) to base 13.
23382
What is 1110101011011001100101 (base 2) in base 3?
21020111011102
363400 (base 7) to base 9
110541
Convert -604052 (base 7) to base 11.
-6a906
What is -2445297 (base 13) in base 4?
-222332013201
Convert 5b0360 (base 12) to base 7.
15342522
What is 14bd804 (base 15) in base 3?
1001021122012211
33833 (base 14) to base 10
125093
121120120000 (base 3) to base 7
2526135
Convert 9e06b (base 16) to base 2.
10011110000001101011
What is -388225 (base 10) in base 2?
-1011110110010000001
Convert -100310020021 (base 4) to base 7.
-52315531
Convert -2319c (base 14) to base 5.
-10213043
What is 18e362 (base 15) in base 4?
10213333220
What is -1011303 (base 4) in base 7?
-16011
What is 422844 (base 13) in base 11?
968120
-105223403 (base 6) to base 3
-10122010222110
What is -13042101 (base 5) in base 13?
-4620c
-33709a (base 11) to base 13
-15a275
What is -216402 (base 8) in base 3?
-10201002022
What is 10121010011 (base 3) in base 5?
4231143
What is -c8cb (base 14) in base 15?
-a41a
What is -36066375 (base 8) in base 14?
-1096261
What is 44566105 (base 7) in base 5?
1442142241
Convert 12022222210000 (base 3) to base 4.
22303330032
102200012 (base 4) to base 15
176c2
Convert 2315234 (base 6) to base 9.
201344
What is -21020023131 (base 4) in base 11?
-1394820
ed3c4 (base 15) to base 6
24052204
Convert -330251 (base 11) to base 6.
-15145314
264592 (base 11) to base 5
101302403
3c631 (base 13) to base 7
650512
What is -536362 (base 7) in base 6?
-2000451
38867 (base 13) to base 8
314370
97058b (base 15) to base 5
3320040011
What is -31895 (base 11) in base 6?
-554250
Convert 139268 (base 12) to base 5.
40430320
Convert -884a41a (base 11) to base 6.
-1312533151
What is -2244301340 (base 5) in base 12?
-18472a7
Convert -a057 (base 12) to base 7.
-101401
-313202212 (base 4) to base 12
-ab79a
88d6a (base 15) to base 7
3461203
Convert 10591 (base 12) to base 14.
7c05
-101111100011001010 (base 2) to base 3
-100220011102
What is -1001011121011 (base 3) in base 12?
-228a64
What is -2100333001 (base 4) in base 7?
-5022235
Convert 1001000000100111010 (base 2) to base 3.
112222222022
Convert 665291 (base 12) to base 14.
304a29
-a2364 (base 11) to base 4
-210200001
7102a (base 14) to base 12
111292
What is -28a1a17 (base 11) in base 9?
-10330857
What is -11001101101000 (base 2) in base 11?
-9984
-3e12a7 (base 15) to base 5
-1231201412
What is